s of d?
7, 83
Let v(w) = w**3 - 6*w**2 + 2*w - 5. Let x be v(6). Let u(q) = -q + 12. Let t(a) = -a + 6. Let c(p) = -5*t(p) + 2*u(p). List the prime factors of c(x).
3, 5
Let t(h) = h**3 - 2*h**2 + h + 5. Let c be t(0). Let g = c + -2. What are the prime factors of g?
3
Let x = 11 - 72. Let l = 126 + x. What are the prime factors of l?
5, 13
Let n = 15 + -19. Let v be -1*(n - (-1 - -2)). Suppose 3*x = -2*o - 0*x + 92, 2*o = -v*x + 100. List the prime factors of o.
2, 5
Suppose -2*p = 2*m - 6, 0 = 5*p - 2*m + 3*m - 11. List the prime factors of p + 84 - 2/2.
5, 17
Let g(k) = -1941*k - 633. What are the prime factors of g(-3)?
2, 3, 5, 173
Let j(p) = 2*p**2 + 18*p + 8. Let n be j(-13). Suppose n = 63*y - 62*y. What are the prime factors of y?
2, 7
Let m(u) = -u**3 + u**2 + 3*u - 2. Let r be m(2). Suppose v + 3*v - 104 = r. What are the prime factors of v?
2, 13
Let s = 185 - 182. Suppose 2*a = 3*b - 2*b + 18, -3*a + 3*b = -27. List the prime factors of (a - (s - 6)) + -3.
3
Let c(q) = -q - 10. Let y be c(-14). Suppose -4*j + 6 = -2*t, -t + 18 = t + y*j. List the prime factors of 1236/24 + t/(-2).
2, 5
Let k(b) = -b**2 + b + 4. Let z be (-23 - -14)*2/(-6). Let h be k(z). What are the prime factors of h/((-2)/8 - 0)?
2
Suppose -12*q = -7*q + 15. Let f = 194 - q. List the prime factors of f.
197
Suppose 2*b - 24 - 48 = 0. Suppose -3*l + 15 = -2*d, -8*l + 7*l + 15 = -4*d. Suppose -l*i = i - b. What are the prime factors of i?
3
Suppose -32 = -4*i + 2*f + 3*f, i + 5*f + 17 = 0. Suppose i*d + 16 = 22. Suppose 0 = -d*r + 59 + 19. List the prime factors of r.
3, 13
Let n(d) = -5*d**3 + 2*d**2 - 1. Let z be n(-2). Suppose 25 = 4*p - z. What are the prime factors of p?
2, 3
Suppose -48 + 12 = -6*q. Let d be (q/(-4))/((-7)/14). Suppose 2*t + 4*c = 58, 2*t = 6*t - d*c - 171. What are the prime factors of t?
3, 13
Suppose 3*x + 6 = 12. Suppose -14 = -5*h + 2*f, -x*f + f = 2. What are the prime factors of h + -2 + (-112)/(-2)?
2, 7
Let k(u) = -51*u**3 - u**2 - u. Suppose 12 = 4*w, 4*v + 3*w - 27 = 2. Suppose 0 = -3*x + 5*q + 17, -5*q = -v*x - 13 + 28. What are the prime factors of k(x)?
3, 17
Suppose 5*q + 1 = 5*v + 6, 4 = -q - 4*v. Let l(o) = o**3 + o + 32. What are the prime factors of l(q)?
2
Suppose 3*d - l + 4*l - 738 = 0, 0 = 4*d - 5*l - 1011. What are the prime factors of d?
3, 83
Suppose -4*j - 23 = 73. Let n be (-2)/6 + (-8264)/j. List the prime factors of (-18)/(-42) + n/14.
5
Let c(z) = -30*z**3 + 4*z**2 + 2*z - 5. What are the prime factors of c(-2)?
13, 19
List the prime factors of -23*(13 - -2)/(-3).
5, 23
Let m(k) be the second derivative of -k**4/12 + 5*k**3/3 - 7*k**2/2 - 5*k. Let a be m(8). Suppose a*y = 5*y + 36. List the prime factors of y.
3
Let l = 2 - 20. Let i = l + 70. List the prime factors of i.
2, 13
Let p = 284 + -237. List the prime factors of p.
47
Let x(a) = -7*a**3 + 14*a**2 + 31*a + 6. Let s(f) = -4*f**3 + 7*f**2 + 16*f + 3. Let m(c) = 5*s(c) - 3*x(c). What are the prime factors of m(9)?
2, 3, 7
Suppose 4*p = 710 - 122. What are the prime factors of p?
3, 7
Let k(b) = 20*b**2 - 8*b - 6. List the prime factors of k(-6).
2, 3, 127
Let s(d) = 2*d**2 + 11*d + 9. Let y be s(-7). Suppose -5*g + 4*t + y = -0, -4*g + 4*t = -24. Suppose g*l - 3*l - 87 = 0. What are the prime factors of l?
29
Let h(b) = -b**3 - 7*b**2 - 4*b + 6. Let i be h(-6). What are the prime factors of (-4 + 39/i)*-2?
3, 7
Suppose 0 = -32*a + 10219 + 34613. List the prime factors of a.
3, 467
What are the prime factors of (-93)/((-3)/(-13)*(-13)/65)?
5, 13, 31
What are the prime factors of (-10)/(-6) + (-14454)/(-27)?
3, 179
Let f(o) = -6*o**2 + 57*o + 5. Let t be f(7). Suppose -z + t = -3. What are the prime factors of z?
113
Suppose -6*h + 1564 + 854 = 0. Suppose -6*o - 85 = -h. What are the prime factors of o?
53
Let p(i) = -3*i**3 - i**2 - 4*i - 3. Let k be p(-4). Let x = k - 133. What are the prime factors of x?
2, 7
Let s be ((-74)/(-6))/((-1)/39). Let r = 985 + s. What are the prime factors of r/10 - (-2)/(-5)?
2, 5
Let c(n) = -n**2 + n + 7. Let u be c(4). Let g(x) = 2*x**2 - 4*x - 1. List the prime factors of g(u).
3, 23
Suppose -13 = 4*a + 2*b - 59, 34 = a + 5*b. Let k be 78/65*(2 + 3). Suppose a + k = g. List the prime factors of g.
3, 5
Suppose l + 0*b = -b + 2, 4*l = -5*b + 5. Let o(n) = -n**3 + 5*n**2 + 3*n + 1. List the prime factors of o(l).
2
Suppose 37 = 2*f - 19. What are the prime factors of 166*(f/(-8) - -4)?
83
Let a = -1190 - -2115. What are the prime factors of a?
5, 37
Let m = 713 + 97. List the prime factors of m.
2, 3, 5
Let n(c) = c**2 + c + 4. Let q be n(11). Suppose 0 = 4*s - 408 + q. What are the prime factors of s?
2, 17
Let l(c) = 13*c - 1. Let m be l(6). Let b = m + -5. List the prime factors of b.
2, 3
Suppose -z + 2*s = 3 + 3, -7 = -3*z + s. Let y = 4 + z. Suppose -y = 4*m - 140. What are the prime factors of m?
3, 11
Let v = -691 + 1457. What are the prime factors of v?
2, 383
Let h = 370 + -184. Suppose h = 3*s - 252. What are the prime factors of s?
2, 73
Let v(k) = 2*k**2 - 7*k + 10. Let i be v(3). Suppose 4*f - 209 = 5*h, -h - 235 = 2*f - i*f. What are the prime factors of f?
2, 23
Suppose 0 = -3*m + m + 16. Let z(o) = o**3 - 6*o**2 - 7*o + 13. What are the prime factors of z(m)?
5, 17
Suppose 3*q = -1889 + 11990. List the prime factors of q.
7, 13, 37
Let f be (-180)/(-16) - ((-20)/16)/(-5). Suppose f*t - 295 - 123 = 0. List the prime factors of t.
2, 19
Suppose 4*m - 28 = -r, -17 = -2*m - r - 1. Let o = 7 - m. Suppose 2*n + 26 = 4*z - 12, o = -n. List the prime factors of z.
3
Suppose -3*z + 2126 = -2*r, -3*z + 3*r - 3556 = -8*z. What are the prime factors of z?
2, 5, 71
Let p = -18 - -6. Let c(w) = -3*w - 4. Let b be c(p). Suppose -4*l + 137 - b = 3*j, 3*j - 108 = -5*l. What are the prime factors of j?
31
Suppose -11*j = -4311 - 1662. List the prime factors of j.
3, 181
Let j(h) = h**3 - 5*h**2 + 5*h. Let t be j(5). Let x = t + -7. What are the prime factors of x?
2, 3
Suppose 0 = -3*k + t + 25, -2*k - 4*t = -3*t - 25. Let y = k + -11. What are the prime factors of -28*(y/(-2) - 1)?
2, 7
Let h = 642 - 550. List the prime factors of h.
2, 23
Let s(m) = 15*m**2 + m. Suppose -5 + 29 = 3*d. Suppose 4*j + 3*q + d = 0, -27 + 9 = 2*j + 5*q. What are the prime factors of s(j)?
2
Let c = 4430 + -2462. List the prime factors of c.
2, 3, 41
Suppose l + 47 = -4*d, 0 = -2*l - d - 2*d - 74. What are the prime factors of 10*-1*l/(-8)*-4?
5, 31
Let z = -4 - 14. Let m be (9 + 0)*(-48)/z. Let f = 60 - m. List the prime factors of f.
2, 3
Suppose 0 = 6*j - 2*j - 1356. Suppose -7*d = j + 172. Let r = d + 122. List the prime factors of r.
7
Let f(z) = 24*z**2 + 11*z + 3. List the prime factors of f(-6).
3, 89
Let f(o) = 57*o - 90. What are the prime factors of f(11)?
3, 179
Let j(w) = 2*w**3 - 6*w**2 + 4*w - 6. Let v = -14 + 9. Let b(r) = -2*r - 6. Let s be b(v). List the prime factors of j(s).
2, 3, 7
Suppose 47*y + 55 = 52*y. What are the prime factors of y?
11
Suppose -4*n = 4*c - 1650 + 18202, n + 4142 = -3*c. Let y be 2*(-1)/(-4)*-242. List the prime factors of n/y + 2/(-11).
2, 17
Suppose -4*j = -5*z + 3554, 14*j - 17*j = z - 707. What are the prime factors of z?
2, 5, 71
Suppose -n - 2 = -5. Suppose 0 = -5*r - 2*x + 60, -n*x - 13 + 1 = -r. List the prime factors of r.
2, 3
Let q be (-90)/(-8) + (-9)/36. Suppose q*h = 6*h + 360. List the prime factors of h.
2, 3
Let u be (-1)/2*(-144)/12. Let r = u + 10. Suppose 13 = i - r. What are the prime factors of i?
29
Let n = -145 + 555. List the prime factors of n.
2, 5, 41
What are the prime factors of 612 - (3 - 56/7)?
617
Suppose 4*g - 2*w = -w + 1815, -4*g + 4*w + 1824 = 0. What are the prime factors of 3*(g/9 + -1)?
2, 37
Suppose 15*k = 19*k - 12. Suppose 0 = 3*n + 3*i - 9, 3*i + 11 = 2*n. Suppose -n*s + s = -k*f + 69, 89 = 4*f - 3*s. List the prime factors of f.
2, 5
Let j(t) = -t**2 + 11*t - 12. Let a be j(8). Let p = a + -12. Suppose -4*m + 0*m + 36 = p. What are the prime factors of m?
3
Let r(g) = g**3 + 5*g**2 + 3*g - 1. Let k be r(-4). Let z be ((-5)/k + 2)*15. Suppose -4*c = -4*l - 17 + 137, 5*l + z*c = 150. List the prime factors of l.
2, 3, 5
Let a be (-10)/(-2)*(0 + 1). Let o be (-1 - -1) + (a - 3). Suppose 4*n = 4*g + 36, o*n = 4*g + 1 + 7. What are the prime factors of n?
